ime number?
True
Let g be (-4)/18 - (-176)/(-18). Let d(z) = -211*z + 39. Let o(b) = 106*b - 19. Let a(j) = 4*d(j) + 7*o(j). Is a(g) a prime number?
False
Let l(v) = 27*v**3 - v**2 - 25*v + 18. Let o(g) = 18*g**3 - g**2 - 17*g + 12. Let k(r) = 5*l(r) - 7*o(r). Is k(5) a prime number?
True
Suppose 4*q - 45 = 19*q. Is 72/48*(-1022)/q prime?
False
Let h(y) be the second derivative of 143/20*y**5 - 1/6*y**3 - 6*y + 0 + 1/2*y**2 + 1/6*y**4. Is h(2) a composite number?
False
Suppose 6*v = 10*v - 36012. Let g = v + 3440. Is g prime?
False
Let a(d) = 2*d**2 + 13*d + 3. Let q be a(-7). Let t(i) = 50*i**2 + 5*i - 34. Let j be t(q). Let z = -2227 + j. Is z a composite number?
False
Let k be (-16 + 14)/(((-6)/(-1))/(-3)). Is (-19 + -4234)*(0/(-1) - k) composite?
False
Suppose 36*i = -91491 + 238839. Let t = i + 1644. Is t a prime number?
True
Let w(f) = -110*f - 239. Let s = 160 - 168. Is w(s) prime?
True
Let j(q) = q**3 - 8*q**2 - 5*q + 4. Let l be j(7). Let f be l/50 + (-2)/5. Is f/(-3) + 4430/6 prime?
True
Let s be ((-2228)/8 + 0)*-2. Let k(v) = s - 67*v**2 + 3*v - v + 65*v**2. Is k(0) a prime number?
True
Let c(o) be the first derivative of -293*o**2/2 - 48*o - 12. Let h be c(-17). Suppose -6*n + n = 15, -2*f + 5*n = -h. Is f composite?
False
Is (8/3)/(-4)*(-13479)/2 composite?
False
Let a = 90575 + -142860. Is ((-6)/(-1))/((-15)/(-10)) - a prime?
True
Let b(a) = -2108 + 18*a + 4*a + 2087 + 5226*a**2. Is b(1) composite?
False
Let a(l) = -93*l - 7. Let u be (-2 - 2) + -5 + 1. Let t be a(u). Suppose 5*v - 1833 = t. Is v composite?
True
Suppose 4*s = j + 120487, 2*s - 60266 = 12*j - 16*j. Suppose -4*w + 50197 = 5*q - 0*q, 0 = 3*q + 4*w - s. Is q a prime number?
True
Let t = 731864 + -156961. Is t a prime number?
False
Suppose -2*b + 5 = 1. Suppose z - 4 = b*f, 0 = -2*z + 2*f - 5 + 11. Suppose -z*d + 3*d - 731 = -3*v, -8 = 2*v. Is d a composite number?
False
Suppose -6*v - 39 + 15 = 0. Is (-24)/v - (0 + -8141) a prime number?
True
Suppose -4*w + 1938 = j, 0*j + 5*w = 4*j - 7836. Let n = j + -437. Is n a composite number?
True
Let x(t) = -2*t**3 + 12*t**2 - 3*t - 43. Suppose 4*g = -3*z - 44, -4*g = -g + 6. Is x(z) a prime number?
False
Let c(n) = 174650*n**2 - 8*n - 43. Is c(-3) prime?
False
Let q(f) = f**2 + 10*f + 14. Let s be q(-8). Is -1 + 10/s - -65 composite?
False
Suppose -5*q - 51 = 79. Let k = q - -63. Suppose -32*x = -k*x + 4775. Is x composite?
True
Let m = 2741640 - 1330397. Is m a composite number?
False
Let u = -109637 - -524136. Is u a composite number?
True
Let y(k) = -k**3 + 9*k**2 - 20*k + 30. Let m be y(6). Is ((-3386)/12 - 0)*m/(-3) a composite number?
False
Let k be ((-2)/((-18)/(-63)) + 7)/(0 - 2). Suppose -3*f + 283066 = 5*t, 2*f + 189964 = 3*t + 20113. Suppose k = -17*b + t + 31292. Is b a composite number?
False
Let v = -63126 + 124949. Is v a composite number?
True
Let p(v) = -219*v + 161 - 32 + 2*v. Is p(-32) prime?
False
Suppose 36 = 22*w - 8. Suppose 0 = -2*g + 8, 0 = 4*t + w*g - 6180. Is t prime?
True
Suppose 2535566 + 536933 = 41*t. Is t a composite number?
True
Let s be (-51)/2*(-474)/3. Let o = s - -442. Is o composite?
True
Let l(m) = 18*m**3 + 10*m**2 - 8*m - 20. Let k(y) = -18*y**3 - 10*y**2 + 9*y + 22. Let a(r) = 5*k(r) + 4*l(r). Is a(-7) a composite number?
False
Is (3584725/(-75) - 4)/(((-2)/3)/2) composite?
False
Let b(x) = 4*x**2 + 5*x + 52081. Is b(0) composite?
False
Let z(j) = -17*j**3 + 7*j**2 + 434*j - 293. Is z(-47) a composite number?
False
Let i(m) = -m**2 + 8*m + 3. Let h be i(9). Let l = 12 + h. Suppose 0*c = -l*c + 1398. Is c composite?
False
Let l(x) = 9880*x**2 - 75*x + 214. Is l(3) prime?
False
Is (0 + 8812/(-8))/(8/(-144)*3) a composite number?
True
Suppose 2 = m - 1. Suppose -3 = m*d - 4*y, -y + 4 - 7 = 0. Is 2 - (-198 + 4 + d) composite?
True
Suppose 0 = 8*q - 3*q - 83920. Suppose -q = -12*h - 668. Is h a composite number?
True
Suppose -30465738 = -3932*h + 3914*h. Is h a composite number?
False
Suppose 4*h + 4*y - 393127 = 621913, 5*y + 253742 = h. Is h a prime number?
False
Suppose -6*b - 9*b = 0. Suppose 4*m + 2*l = 10252, 0 = -l - b*l + 4. Is m a prime number?
False
Suppose 268*k + 13533454 = 52993506. Is k prime?
False
Let o be -3*5/(10 + -5). Let n(c) = 82*c**2 - 6*c - 10. Is n(o) a prime number?
False
Suppose 5*l + 6 = -9. Let g(m) = 62*m - 20. Let z(i) = -23*i + 10. Let k(n) = -3*g(n) - 5*z(n). Is k(l) a prime number?
True
Suppose 5*n = 387 + 148. Suppose 0*t + 72 = 6*t. Let q = n - t. Is q composite?
True
Let j(h) be the first derivative of -207*h**2/2 - 5*h - 1. Let w = 235 + -237. Is j(w) prime?
True
Suppose 0 = -5*f + 2*v - 10, -3*f + 5*f + 15 = 3*v. Suppose 2*r - 3*r + 3543 = f. Suppose -4*h + u = -3553, -r = -5*h + h - u. Is h a composite number?
False
Let v(d) = -961*d + 16. Let y be (-9)/((-198)/(-4)) + (-300)/44. Is v(y) a composite number?
True
Is (12682/(-153))/((-12)/7398) prime?
False
Is (-10)/(-25)*5/(-4)*3848620/(-2) a composite number?
True
Let v = -2468 - -842. Let t = -385 - v. Is t prime?
False
Let o be -4 - 48/(-15) - (-1126048)/35. Suppose -2*i - x + o = 0, i + 13*x - 15*x - 16091 = 0. Is i composite?
False
Suppose -18*u = -21*u + 3*r + 331242, 0 = 2*r + 14. Is u prime?
False
Let u = -12309 + 6454. Let q = 16920 + u. Is q prime?
False
Let k(n) = -20*n**3 + 3*n**2 - 10*n - 9. Let s be k(-5). Suppose -2*l + 0*f + f + 1050 = 0, -5*l - 2*f = -s. Suppose -l + 51 = -x. Is x composite?
True
Let r be (0 - (-7)/2)*(-20 - -10). Let j be r/(-10 + 5) + -5. Suppose -798 = -j*g + 396. Is g a prime number?
False
Suppose 38*g = -96*g + 9622942. Is g prime?
False
Let i(r) = r + 6. Let y be i(-6). Let t(z) = 10*z - 353. Let g(f) = -18*f + 706. Let x(s) = 3*g(s) + 5*t(s). Is x(y) a prime number?
True
Suppose -129*g + 497186 = -1946977. Is g composite?
False
Suppose 5*h - 5*c = 5 - 0, -2*h + c = -4. Let l(t) be the second derivative of 161*t**3/6 + t**2 + t + 931. Is l(h) a composite number?
True
Let h be 83/(-415) - 12/15. Let f = -1480 - 83. Is (f - (-3 + h))/(-1) prime?
True
Suppose -124 = -10*x + 6*x. Let d = x - 31. Suppose 4*z + i - 1235 = d, 2*z - 314 = z + 5*i. Is z prime?
False
Let t = -724 - -722. Is t/(-5) + 341065/25 a prime number?
False
Suppose 169*q - 21485140 = 149*q. Is q a prime number?
False
Suppose 0 = -8*m + 7*m - 2*u + 75, 3*m - 4*u = 245. Suppose 83*l - m*l = 8252. Is l composite?
False
Let x(y) = -25*y - 7. Let t be x(-1). Suppose t*g - 12*g - 90 = 0. Is ((-1245)/g)/((-1)/2) composite?
True
Suppose -14*h + 12*h = -5*d - 1860606, -5*h - 4*d + 4651647 = 0. Is h a prime number?
True
Let n = 18 - 15. Suppose 3405 = n*o - 828. Is o a composite number?
True
Let k be (-18)/3*(21979/2 + 7). Is ((-20)/270*k)/((-4)/(-6)) a composite number?
False
Is (12/(-16))/(6/563912*-1) a composite number?
False
Let c be (-32)/6*(108/8)/(-9). Suppose -5*x + 2*i + 21 = 0, -3*i + c = i. Suppose 7*k - 46 = x*k. Is k a prime number?
True
Suppose -123*f = 22*f + 6202695 - 26606660. Is f a composite number?
False
Let u(x) = x**3 + 24*x**2 - 28*x - 58. Let a be u(-25). Suppose -222766 = -a*z - 45*z. Is z prime?
True
Is (6/9 - 1) + -1*(-50503640)/60 a composite number?
False
Suppose 18*s - 2309091 - 3495171 = 0. Is s a composite number?
False
Suppose -15*w + 36 + 99 = 0. Let m be (-1*w)/(-1 + 2). Let g(x) = -347*x - 14. Is g(m) prime?
True
Suppose 3*d - 7*z = -5*z + 205607, 5*z = -4*d + 274158. Suppose 21*q = 28*q - d. Is q prime?
True
Let c = 0 - -7. Suppose -5*j + 981 = 2*w, -4*j - 19*w + 762 = -25*w. Suppose -10*o + j = -c*o. Is o a composite number?
True
Suppose -23*b + 16*b = 24647. Let y = b - -7116. Is y prime?
False
Suppose 20*j - 376594 = 1551226. Is j composite?
True
Let j = -76707 + 184148. Is j composite?
False
Suppose -3*q - 445232 + 2083404 = 5*l, 3*l - 982926 = 2*q. Is l composite?
True
Let b(o) be the third derivative of -49*o**6/120 + o**5/15 + o**4/6 + 12*o**2. Suppose -4*i = 3*q - 17, -2*i = -q - i - 6. Is b(q) a composite number?
True
Let a(o) = 3*o**2 + 10*o + 29. Let l be a(-4). Suppose -44*d = -l*d - 9541. Is d a prime number?
False
Is 11237/2 + -4 + 33/66 a prime number?
False
Let s = -69981 + 118610. Is s a prime number?
False
Let x(g) = 9*g**2 + 3*g. Let p be x(-4). Suppose t + 2554 = p. Is (-27)/(-45) - t/5 prime?
False
Let l(j) = -j**3 + 15*j**2 + 6*j - 26. Let q b